
4427 (base 9) to base 15
e7a
What is 1a6a (base 13) in base 12?
2373
What is -12534 (base 7) in base 6?
-23313
What is -1110110100 (base 2) in base 6?
-4220
Convert -6c2 (base 13) to base 9.
-1542
570c (base 16) to base 12
10a90
What is 676 (base 13) in base 9?
1464
Convert 24345 (base 6) to base 3.
11221002
12969 (base 10) to base 5
403334
-43 (base 14) to base 5
-214
239 (base 11) to base 10
284
Convert 4267 (base 9) to base 8.
6103
100011000 (base 2) to base 11
235
Convert 100000100100 (base 2) to base 4.
200210
What is -13403 (base 5) in base 6?
-5035
Convert 33031 (base 4) to base 8.
1715
Convert -1bb (base 13) to base 9.
-388
Convert -85 (base 10) to base 9.
-104
What is -102121201 (base 3) in base 7?
-33460
Convert -30104 (base 5) to base 16.
-770
What is -2002120 (base 3) in base 14?
-7b1
What is -222330 (base 5) in base 3?
-101202101
What is -2074 (base 12) in base 15?
-10b4
202100 (base 3) to base 13
333
Convert -14023 (base 6) to base 12.
-1313
Convert 24402 (base 11) to base 13.
12c85
Convert 3833 (base 15) to base 4.
2323011
What is 223310 (base 4) in base 7?
11114
106 (base 8) to base 2
1000110
-111100001110 (base 2) to base 3
-12021202
Convert 8151 (base 9) to base 16.
1747
1116 (base 12) to base 14
990
What is -36343 (base 11) in base 16?
-cc5f
150673 (base 8) to base 4
31012323
What is -166 (base 10) in base 16?
-a6
Convert 21169 (base 11) to base 15.
91de
-151a (base 12) to base 4
-212212
Convert -1330322 (base 4) to base 10.
-7994
Convert -2b73 (base 13) to base 8.
-14313
-7c13 (base 15) to base 14
-9859
1c83 (base 16) to base 13
3426
2342 (base 6) to base 14
2c6
What is -762 (base 14) in base 8?
-2662
What is 1619 (base 15) in base 13?
2214
20126 (base 7) to base 11
3729
8924 (base 16) to base 7
204233
Convert 2010021 (base 4) to base 15.
278c
1e47 (base 15) to base 8
14700
What is -3a9 (base 13) in base 3?
-212221
Convert 10001111011010 (base 2) to base 14.
34b8
What is -132553 (base 7) in base 2?
-110000110010011
bbc (base 14) to base 15
a4c
Convert -220023 (base 4) to base 15.
-b66
Convert 927 (base 10) to base 15.
41c
1ce (base 15) to base 5
3134
35b9 (base 15) to base 2
10110010100000
-11320 (base 5) to base 11
-69a
What is -546 (base 14) in base 13?
-622
40a (base 11) to base 2
111101110
What is 1610 (base 7) in base 15?
2ce
What is 35612 (base 7) in base 9?
13575
Convert 81e (base 16) to base 4.
200132
Convert 4560 (base 9) to base 6.
23343
What is 71805 (base 9) in base 12?
23465
What is 905 (base 10) in base 12?
635
Convert -421 (base 6) to base 8.
-235
What is 1002120 (base 4) in base 13?
1c1a
Convert -987 (base 10) to base 4.
-33123
Convert -10110100101 (base 2) to base 10.
-1445
What is 233444 (base 7) in base 3?
2010201022
Convert -1289 (base 11) to base 6.
-11422
Convert -11000101 (base 4) to base 11.
-14444
What is 514215 (base 6) in base 7?
230615
What is 7b1 (base 14) in base 7?
4311
Convert -1210 (base 9) to base 16.
-384
What is 13154 (base 8) in base 12?
33a4
Convert 6b01 (base 13) to base 6.
153350
What is 8827 (base 10) in base 2?
10001001111011
32101 (base 7) to base 10
7939
-142 (base 10) to base 12
-ba
186 (base 9) to base 14
b5
-101000010 (base 2) to base 6
-1254
Convert 1066 (base 10) to base 12.
74a
Convert 10010413 (base 5) to base 16.
1340a
What is -5bc (base 14) in base 16?
-47a
What is -1404 (base 5) in base 6?
-1021
What is -10844 (base 12) in base 6?
-245324
-699 (base 11) to base 7
-2301
1481 (base 10) to base 6
10505
Convert -31101 (base 4) to base 3.
-1011110
Convert 317 (base 11) to base 10.
381
What is -78735 (base 10) in base 14?
-2099d
Convert 22110 (base 9) to base 14.
54bc
470 (base 11) to base 13
342
Convert 2411311 (base 5) to base 13.
173a4
What is -476 (base 9) in base 14?
-201
Convert -2255 (base 7) to base 16.
-338
Convert -3043403 (base 5) to base 16.
-c2bd
9d (base 15) to base 11
125
12703 (base 9) to base 14
31b7
What is 3001 (base 6) in base 2?
1010001001
-111101000101 (base 2) to base 15
-1259
Convert 1406 (base 8) to base 13.
477
What is -1332 (base 5) in base 9?
-261
26634 (base 9) to base 15
550d
-20aa1 (base 11) to base 5
-1434403
Convert -110202 (base 3) to base 10.
-344
Convert -1242 (base 10) to base 13.
-747
Convert -17312 (base 9) to base 16.
-2e8e
Convert -34642 (base 7) to base 11.
-6760
What is -521 (base 11) in base 16?
-274
What is 10001000010111 (base 2) in base 3?
102222020
Convert -11210 (base 5) to base 8.
-1445
Convert 304 (base 11) to base 10.
367
Convert -256614 (base 7) to base 16.
-bb6e
2491 (base 15) to base 13
370c
1112213 (base 4) to base 14
203d
What is -231 (base 12) in base 4?
-11011
Convert -277 (base 13) to base 12.
-304
What is -44543 (base 8) in base 9?
-27684
Convert -11230 (base 6) to base 5.
-22402
-20803 (base 9) to base 3
-200220010
What is -242 (base 10) in base 14?
-134
Convert 10070 (base 10) to base 8.
23526
Convert 42403 (base 5) to base 15.
ca3
-1ad0 (base 15) to base 12
-3450
-1853 (base 12) to base 9
-4030
What is 10001010000 (base 2) in base 5?
13404
What is 23000 (base 4) in base 3?
222002
11132 (base 4) to base 16
15e
1104 (base 7) to base 15
1b6
Convert 5402 (base 9) to base 16.
f83
110e (base 15) to base 7
13352
Convert -13323 (base 4) to base 10.
-507
-1156 (base 11) to base 9
-2061
What is -45317 (base 8) in base 16?
-4acf
Convert 23a5 (base 15) to base 5.
220310
Convert -1010 (base 15) to base 11.
-2602
Convert -2 (base 8) to base 14.
-2
What is -299 (base 12) in base 15?
-1c0
201 (base 14) to base 5
3033
212 (base 5) to base 9
63
-7b5 (base 15) to base 9
-2348
1240432 (base 5) to base 10
24492
Convert -6c8 (base 14) to base 11.
-101a
Convert -4c0 (base 15) to base 2.
-10000111000
What is -1663 (base 8) in base 11?
-791
What is 33132 (base 4) in base 7?
2613
Convert -1111000111 (base 2) to base 6.
-4251
What is 1231100 (base 4) in base 14?
2796
-120333 (base 4) to base 5
-22344
Convert 1113 (base 7) to base 8.
622
Convert -26e2 (base 16) to base 9.
-14580
What is 3763 (base 15) in base 8?
27021
-4b12 (base 14) to base 6
-140512
cc4 (base 16) to base 11
2501
What is -125003 (base 7) in base 10?
-23327
What is 1025 (base 8) in base 2?
1000010101
1450 (base 6) to base 14
1dc
Convert 123364 (base 7) to base 5.
1212311
2263 (base 8) to base 7
3336
What is 4801 (base 12) in base 16?
1f81
Convert 1001101011010111 (base 2) to base 14.
10635
Convert 83c8 (base 15) to base 12.
1415b
-1042 (base 8) to base 3
-202020
2301303 (base 4) to base 9
16543
-2a0 (base 13) to base 4
-13110
Convert -270 (base 11) to base 12.
-227
Convert 1000011011011011 (base 2) to base 12.
17b8b
-190 (base 12) to base 8
-374
-102112 (base 3) to base 12
-21b
What is 333 (base 11) in base 14?
207
-111031 (base 4) to base 13
-805
Convert -106 (base 13) to base 6.
-451
-1000101011101101 (base 2) to base 5
-2114230
Convert 6515 (base 7) to base 3.
10011202
-122313 (base 4) to base 9
-2320
Convert -1347 (base 9) to base 10.
-1015
What is -30204 (base 5) in base 3?
-2122110
-203 (base 6) to base 8
-113
-4015 (base 6) to base 5
-12000
What is bd (base 14) in base 2?
10100111
What is -10046 (base 16) in base 14?
-19ca2
What is 1645 (base 11) in base 15?
956
What is 1545 (base 10) in base 9?
2106
What is 183 (base 11) in base 9?
255
What is -bd (base 15) in base 4?
-2302
What is -237 (base 16) in base 15?
-27c
What is -420111 (base 5) in base 2?
-11010111010101
What is -101011010100 (base 2) in base 9?
-3720
Convert -2112 (base 4) to base 14.
-aa
What is -19c (base 16) in base 11?
-345
Convert -125 (base 15) to base 2.
-100000100
What is -3531 (base 8) in base 12?
-1109
Convert -17165 (base 13) to base 8.
-126240
Convert -11001012200 (base 3) to base 5.
-10021424
What is 103 (base 9) in base 15?
59
433 (base 10) to base 15
1dd
What is 3311123 (base 4) in base 16?
3d5b
Convert 1132104 (base 5) to base 13.
9690
32221132 (base 4) to base 6
1141434
What is 2112202 (base 4) in base 14?
3722
What is 3151 (base 8) in base 12?
b49
What is 5d20 (base 14) in base 2?
11111110101000
Convert 1011101000 (base 2) to base 6.
3240
What is -515 (base 11) in base 2?
-1001101101
1552 (base 10) to base 3
2010111
What is d2c (base 15) in base 3?
11001220
Convert 1157 (base 9) to base 6.
3554
612 (base 12) to base 9
1175
Convert fc8 (base 16) to base 9.
5478
-202401 (base 5) to ba